{"id":1052,"date":"2016-01-04T10:42:13","date_gmt":"2016-01-04T10:42:13","guid":{"rendered":"https:\/\/garciaygarridoabogados.es\/staging\/?page_id=1052"},"modified":"2018-05-28T10:41:01","modified_gmt":"2018-05-28T10:41:01","slug":"aviso-legal","status":"publish","type":"page","link":"https:\/\/garciaygarridoabogados.es\/staging\/aviso-legal\/","title":{"rendered":"Aviso Legal"},"content":{"rendered":"<div class=\"wpb-content-wrapper\"><p>[vc_row css=\u00bb.vc_custom_1451904227515{margin-top: 40px !important;margin-bottom: 40px !important;}\u00bb][vc_column][vc_row_inner][vc_column_inner][vc_column_text]<strong>AVISO LEGAL Y POL\u00cdTICA\u00a0DE PRIVACIDAD<\/strong><\/p>\n<p>En cumplimiento de la Ley 34\/2002, de 11 de julio, de servicios de la sociedad de la informaci\u00f3n y de comercio electr\u00f3nico (LSSI), le informamos de que la presente p\u00e1gina web \u00a0con direcci\u00f3n\u00a0www.garciaygarridoabogados.es\u00a0, es \u00a0propiedad de Jos\u00e9 Rafael Garc\u00eda G\u00f3mez con D.N,I. 02231036 J\u00a0 y con domicilio en Calle Fern\u00e1ndez de Guadalupe, n\u00ba 16, 1\u00baA, C.P. 41008 de Sevilla (Sevilla), y correo electr\u00f3nico <a href=\"mailto:rafagarciabogado@gmail.com\">rafagarciabogado@gmail.com<\/a>.<\/p>\n<p><strong>CONDICIONES GENERALES DE USO :\u00a0<\/strong>Las presentes condiciones generales de uso, regulan los t\u00e9rminos y condiciones de acceso y uso de este sitio web, propiedad de Jos\u00e9 Rafael Garc\u00eda G\u00f3mez, que el usuario del Portal deber\u00e1 de leer y aceptar para usar todos los servicios e informaci\u00f3n que se facilitan desde el portal.\u00a0El mero acceso y\/o utilizaci\u00f3n del portal, de todos o parte de sus contenidos y\/o servicios significa la plena aceptaci\u00f3n de las presentes condiciones generales de uso.\u00a0Tambi\u00e9n regulan el acceso y la utilizaci\u00f3n del portal, incluyendo los contenidos y los servicios puestos a disposici\u00f3n de los usuarios en y\/o a trav\u00e9s del portal, bien por el portal, bien por sus usuarios, bien por terceros. No obstante, el acceso y la utilizaci\u00f3n de ciertos contenidos y\/o servicios puede encontrarse sometido a determinadas condiciones espec\u00edficas.<\/p>\n<p><strong>Modificaciones:\u00a0<\/strong>Jos\u00e9 Rafael Garc\u00eda G\u00f3mez se reserva la facultad de modificar en cualquier momento las condiciones generales de uso del portal. En todo caso, se recomienda que consulte peri\u00f3dicamente los presentes\u00a0t\u00e9rminos de uso del portal, ya que pueden ser modificados.<\/p>\n<p><strong>Obligaciones del Usuario:\u00a0<\/strong>El usuario deber\u00e1 respetar en todo momento los t\u00e9rminos y condiciones establecidos en las presentes condiciones generales de uso del portal. De forma expresa el usuario manifiesta que utilizar\u00e1 el portal de forma diligente y asumiendo cualquier responsabilidad que pudiera derivarse del incumplimiento de las normas. As\u00ed mismo, el usuario no podr\u00e1 utilizar el portal para transmitir, almacenar, divulgar promover o distribuir datos o contenidos que sean portadores de virus o cualquier otro c\u00f3digo inform\u00e1tico, archivos o programas dise\u00f1ados para interrumpir, destruir o perjudicar el funcionamiento de cualquier programa o equipo inform\u00e1tico o de telecomunicaciones.<\/p>\n<p><strong>Propiedad industrial e intelectual:\u00a0<\/strong>Los contenidos de la p\u00e1gina web de Jos\u00e9 Rafael Garc\u00eda G\u00f3mez son propiedad de Jos\u00e9 Rafael Garc\u00eda G\u00f3mez. Por la presente se reserva todo derecho que no se haya otorgado expl\u00edcitamente. Se proh\u00edbe la reproducci\u00f3n, transferencia, distribuci\u00f3n o almacenamiento de los contenidos, ya sea en parte o en su totalidad, por cualquier medio, sin la autorizaci\u00f3n previa por escrito de Jos\u00e9 Rafael Garc\u00eda G\u00f3mez,\u00a0\u00a0 a excepci\u00f3n de lo establecido en las siguientes condiciones. Jos\u00e9 Rafael Garc\u00eda G\u00f3mez le permite navegar por su p\u00e1gina web con su ordenador e imprimir copias de extractos de dichas p\u00e1ginas exclusivamente para su uso personal y no para su distribuci\u00f3n, salvo en caso de autorizaci\u00f3n por escrito de Jos\u00e9 Rafael Garc\u00eda G\u00f3mez.<\/p>\n<p>Todos los documentos de nuestra p\u00e1gina web pueden estar sujetos a otras condiciones, indicadas en los mismos. Los contenidos de la p\u00e1gina web de Jos\u00e9 Rafael Garc\u00eda G\u00f3mez se ofrecen tal y como aparecen y seg\u00fan su disponibilidad. Jos\u00e9 Rafael Garc\u00eda G\u00f3mez no garantiza la ausencia de interrupciones o errores en su p\u00e1gina web.<\/p>\n<p>Jos\u00e9 Rafael Garc\u00eda G\u00f3mez se reserva el derecho de revisar la p\u00e1gina o impedir el acceso a dicha p\u00e1gina en cualquier momento. La Empresa y sus s\u00edmbolos son marcas registradas. Otros productos o nombres de empresas mencionados en esta p\u00e1gina son o pueden ser marcas registradas de sus respectivos propietarios.<\/p>\n<p><strong>Responsabilidad:\u00a0<\/strong>El usuario ser\u00e1 el \u00fanico responsable de las infracciones en que pueda incurrir o de los perjuicios que pueda causar por la utilizaci\u00f3n de la p\u00e1gina web, quedando Jos\u00e9 Rafael Garc\u00eda G\u00f3mez libre de cualquier responsabilidad basada de la utilizaci\u00f3n del servicio por el usuario, asumiendo el usuario cuantos gastos, costes e indemnizaciones sean solicitados a Jos\u00e9 Rafael Garc\u00eda G\u00f3mez con motivo de reclamaciones o acciones legales. Jos\u00e9 Rafael Garc\u00eda G\u00f3mez declina cualquier responsabilidad respecto a la informaci\u00f3n que se halle fuera de esta p\u00e1gina web y no gestionada directamente por su gestor de p\u00e1gina web.<\/p>\n<p>En el caso de que Jos\u00e9 Rafael Garc\u00eda G\u00f3mez sea advertido de la realizaci\u00f3n por el usuario, a trav\u00e9s de los servicios facilitados por Jos\u00e9 Rafael Garc\u00eda G\u00f3mez de posibles actividades que pudieran ser ilegales contra derechos de terceros o constitutivas de delito, Jos\u00e9 Rafael Garc\u00eda G\u00f3mez podr\u00e1 rescindir de forma inmediata su relaci\u00f3n con el usuario y tomar cuantas medidas sean necesarias para evitar la continuaci\u00f3n de tales actividades. Jos\u00e9 Rafael Garc\u00eda G\u00f3mez no garantiza, de ning\u00fan modo, las condiciones y correcta prestaci\u00f3n de los productos o servicios ofertados a los usuarios por terceros, a los que se puede acceder mediante enlaces establecidos en la p\u00e1gina web.<\/p>\n<p>Jos\u00e9 Rafael Garc\u00eda G\u00f3mez no se responsabiliza del cumplimiento por estos terceros de la normativa vigente en nuestro ordenamiento jur\u00eddico y, en especial, de la relativa a protecci\u00f3n de datos de car\u00e1cter personal y comercio electr\u00f3nico. Jos\u00e9 Rafael Garc\u00eda G\u00f3mez no ser\u00e1 responsable de posibles da\u00f1os o perjuicios que se pudieran derivar de interferencias omisiones, interrupciones, aver\u00edas telef\u00f3nicas, virus inform\u00e1ticos o desconexiones en el funcionamiento operativo de este sistema electr\u00f3nico, motivadas por causas ajenas a Jos\u00e9 Rafael Garc\u00eda G\u00f3mez de retrasos o bloqueos en el uso del presente sistema electr\u00f3nico causados por deficiencias o sobrecargas de l\u00edneas telef\u00f3nicas o sobrecargas en el sistema de Internet o en otros sistemas electr\u00f3nicos, as\u00ed como de da\u00f1os que puedan ser ocasionados por terceras personas mediante intromisiones ileg\u00edtimas fuera del control de Jos\u00e9 Rafael Garc\u00eda G\u00f3mez.<\/p>\n<p><strong>Jurisdicci\u00f3n:\u00a0<\/strong>Para cuantas cuestiones surjan sobre la interpretaci\u00f3n, aplicaci\u00f3n y cumplimiento de estas condiciones y de las reclamaciones que puedan derivarse de su uso, las partes se someten a los jueces y tribunales espa\u00f1oles, renunciando los interesados, de forma expresa, a cualquier otro fuero que pudiera corresponderles, sin perjuicio de la competencia que resulte por ministerio de la ley.<\/p>\n<p><strong>Ley aplicable :\u00a0<\/strong>Las presentes condiciones se regir\u00e1n, en todo caso, por la legislaci\u00f3n espa\u00f1ola. Se someten expresamente a los tribunales de Sevilla (Espa\u00f1a).<\/p>\n<p><strong>POLITICA DE PRIVACIDAD<\/strong><\/p>\n<p>Jos\u00e9 Rafael Garc\u00eda G\u00f3mez es el responsable del tratamiento de los datos personales de los usuarios de este sitio web. Informamos que estos datos ser\u00e1n tratados de conformidad con lo dispuesto en el Reglamento (UE) 2016\/679 del Parlamento Europeo y del Consejo, de 27 de abril de 2016 relativo a la protecci\u00f3n de las personas f\u00edsicas en lo que respecta al tratamiento de datos personales y a la libre circulaci\u00f3n de estos datos.<\/p>\n<p><strong>1.- Finalidad del Tratamiento:\u00a0<\/strong>Es mantener una relaci\u00f3n comercial con el usuario de este sitio web. Para realizar el tratamiento las operaciones previstas son:<\/p>\n<p>.- Tramitar encargos, solicitudes o cualquier tipo de petici\u00f3n que sea realizada por el usuario a trav\u00e9s de cualquiera de las formas de contacto que se ponen a su disposici\u00f3n.<\/p>\n<p>.- Env\u00edo de comunicaciones comerciales publicitarias relacionadas con nuestros productos y servicios por cualquier medio electr\u00f3nico o f\u00edsico, presente o futuro, que posibilite realizar comunicaciones comerciales.<\/p>\n<p><strong>2.- Conservaci\u00f3n de los datos :\u00a0<\/strong>se conservaran mientras existan un inter\u00e9s mutuo de mantener el fin del tratamiento . Cuando ya no sean necesarios para tal fin\u00a0 se suprimir\u00e1n con medidas de seguridad adecuadas para garantizar la total destrucci\u00f3n de los mismos.<\/p>\n<p><strong>3.- Comunicaci\u00f3n de los datos:\u00a0\u00a0<\/strong>Al usuario le asisten los derechos de acceso, rectificaci\u00f3n , supresi\u00f3n , oposici\u00f3n y portabilidad de sus datos. Al igual que el derecho a presentar una reclamaci\u00f3n ante la autoridad de control,\u00a0<a href=\"http:\/\/www.agpd.es\">www.agpd.es<\/a>\u00a0, si considera que el tratamiento no se ajusta a la normativa vigente.<\/p>\n<p>Para ejercer su derecho el usuario debe enviar D.N.I. o pasaporte a:<\/p>\n<p>Jos\u00e9 Rafael Garc\u00eda G\u00f3mez con D.N,I. 02231036 J\u00a0 y con domicilio en Calle Fern\u00e1ndez de Guadalupe, n\u00ba 16, 1\u00baA, C.P. 41008 de Sevilla (Sevilla), y correo electr\u00f3nico rafagarciabogado@gmail.com<\/p>\n<p><strong>4.- Car\u00e1cter obligatorio de la informaci\u00f3n facilitada por el usuario:\u00a0<\/strong>Los usuarios mediante la marcaci\u00f3n de la casilla correspondiente, aceptan expresamente y de forma libre e inequ\u00edvoca, que sus datos son necesarios para atender su petici\u00f3n por parte del prestador. El usuario garantiza que los datos personales facilitados son veraces y se hace responsable de comunicar cualquier modificaci\u00f3n de los mismos.<\/p>\n<p>Jos\u00e9 Rafael Garc\u00eda G\u00f3mez informa y garantiza expresamente a los usuarios que sus datos personales no ser\u00e1n cedidos en ning\u00fan caso a terceros, y si se realizara alg\u00fan tipo de cesi\u00f3n de datos personales , se pedir\u00e1 previamente el consentimiento expreso , informado e inequ\u00edvoco por parte de los usuarios.<\/p>\n<p>Todos los datos solicitados a trav\u00e9s del servicio web son obligatorios, ya que son necesarios para la prestaci\u00f3n del servicio, en caso de que no se faciliten todos los datos, no se garantiza que la informaci\u00f3n y el servicio que el prestador le facilite, sean ajustados completamente a sus necesidades .<\/p>\n<p><strong>Medidas de Seguridad :\u00a0<\/strong>De conformidad con lo dispuesto en las normativas vigentes en materia de protecci\u00f3n de datos personales, el prestador est\u00e1 cumpliendo con todas las disposiciones de las normativas para el tratamiento de datos personales y los principios descritos\u00a0 en el art\u00edculo 5 del RGPD.<\/p>\n<p>Se garantiza que se han implementado pol\u00edticas t\u00e9cnicas y organizativas apropiadas para aplicar las medidas de seguridad que establece el RGPD con el fin de proteger los derechos y libertades de los usuarios y les ha comunicado la informaci\u00f3n adecuada para que puedan ejercerlos[\/vc_column_text][\/vc_column_inner][\/vc_row_inner][\/vc_column][\/vc_row]<\/p>\n<\/div>","protected":false},"excerpt":{"rendered":"<p>[vc_row css=\u00bb.vc_custom_1451904227515{margin-top: 40px !important;margin-bottom: 40px !important;}\u00bb][vc_column][vc_row_inner][vc_column_inner][vc_column_text]AVISO LEGAL Y POL\u00cdTICA\u00a0DE PRIVACIDAD En cumplimiento de la Ley 34\/2002, de 11 de julio, de servicios de la sociedad de la informaci\u00f3n y de comercio electr\u00f3nico (LSSI), le informamos de que la presente p\u00e1gina web \u00a0con direcci\u00f3n\u00a0www.garciaygarridoabogados.es\u00a0, es \u00a0propiedad de Jos\u00e9 Rafael Garc\u00eda G\u00f3mez con D.N,I. 02231036 J\u00a0 y [&hellip;]<\/p>\n","protected":false},"author":1,"featured_media":0,"parent":0,"menu_order":0,"comment_status":"closed","ping_status":"closed","template":"","meta":{"footnotes":""},"class_list":["post-1052","page","type-page","status-publish","hentry"],"aioseo_notices":[],"_links":{"self":[{"href":"https:\/\/garciaygarridoabogados.es\/staging\/wp-json\/wp\/v2\/pages\/1052","targetHints":{"allow":["GET"]}}],"collection":[{"href":"https:\/\/garciaygarridoabogados.es\/staging\/wp-json\/wp\/v2\/pages"}],"about":[{"href":"https:\/\/garciaygarridoabogados.es\/staging\/wp-json\/wp\/v2\/types\/page"}],"author":[{"embeddable":true,"href":"https:\/\/garciaygarridoabogados.es\/staging\/wp-json\/wp\/v2\/users\/1"}],"replies":[{"embeddable":true,"href":"https:\/\/garciaygarridoabogados.es\/staging\/wp-json\/wp\/v2\/comments?post=1052"}],"version-history":[{"count":5,"href":"https:\/\/garciaygarridoabogados.es\/staging\/wp-json\/wp\/v2\/pages\/1052\/revisions"}],"predecessor-version":[{"id":1408,"href":"https:\/\/garciaygarridoabogados.es\/staging\/wp-json\/wp\/v2\/pages\/1052\/revisions\/1408"}],"wp:attachment":[{"href":"https:\/\/garciaygarridoabogados.es\/staging\/wp-json\/wp\/v2\/media?parent=1052"}],"curies":[{"name":"wp","href":"https:\/\/api.w.org\/{rel}","templated":true}]}}