{"id":1060,"date":"2016-01-04T10:52:29","date_gmt":"2016-01-04T10:52:29","guid":{"rendered":"https:\/\/garciaygarridoabogados.es\/staging\/?page_id=1060"},"modified":"2026-04-04T16:59:50","modified_gmt":"2026-04-04T16:59:50","slug":"inicio","status":"publish","type":"page","link":"https:\/\/garciaygarridoabogados.es\/staging\/","title":{"rendered":"Inicio"},"content":{"rendered":"\n<div class=\\wp-block-cover alignfull is-light\\><span aria-hidden=\\true\\ class=\\wp-block-cover__background has-black-background-color has-background-dim-50 has-background-dim\\><\/span><div class=\"\\wp-block-cover__inner-container\\ is-layout-flow wp-block-cover-is-layout-flow\">\n<h1 class=\"\\has-text-align-center\\ wp-block-heading\" style=\\font-size:3.5rem\\>Abogados en Sevilla: Expertos en Soluciones Legales Reales<\/h1>\n\n\n\n<p class=\\has-text-align-center\\ style=\\font-size:1.5rem\\>Especialistas en Divorcios, Herencias, Derecho Laboral y Penal en Sevilla.<\/p>\n\n\n\n<div class=\"\\wp-block-buttons\\ is-layout-flex wp-block-buttons-is-layout-flex\">\n<div class=\\wp-block-button is-style-fill\\><a class=\\wp-block-button__link wp-element-button\\ href=\\\/staging\/contacto\/\\>Solicitar Consulta Gratuita<\/a><\/div>\n<\/div>\n<\/div><\/div>\n\n\n\n<div style=\\height:50px\\ aria-hidden=\\true\\ class=\\wp-block-spacer\\><\/div>\n\n\n<h2 class=\"\\has-text-align-center\\ wp-block-heading\">Nuestras \u00c1reas de Especializaci\u00f3n en Sevilla<\/h2>\n\n\n\n<div class=\"\\wp-block-columns is-layout-flex wp-container-core-columns-is-layout-9d6595d7 wp-block-columns-is-layout-flex\" alignwide\\>\n<div class=\"\\wp-block-column\\ is-layout-flow wp-block-column-is-layout-flow\">\n<h3 class=\"\\wp-block-heading\\ wp-block-heading\">Familia y Divorcios<\/h3>\n\n<p>Expertos en divorcios de mutuo acuerdo, contenciosos y custodia de menores.<\/p>\n\n<p><a href=\\\/staging\/abogados-divorcio-sevilla\/\\>Ver m\u00e1s \u2192<\/a><\/p>\n<\/div>\n\n<div class=\"\\wp-block-column\\ is-layout-flow wp-block-column-is-layout-flow\">\n<h3 class=\"\\wp-block-heading\\ wp-block-heading\">Herencias y Sucesiones<\/h3>\n\n<p>Asesoramiento integral en testamentos y repartos de herencias en Sevilla.<\/p>\n\n<p><a href=\\\/staging\/abogado-herencias-sevilla\/\\>Ver m\u00e1s \u2192<\/a><\/p>\n<\/div>\n\n<div class=\"\\wp-block-column\\ is-layout-flow wp-block-column-is-layout-flow\">\n<h3 class=\"\\wp-block-heading\\ wp-block-heading\">Derecho Laboral<\/h3>\n\n<p>Defensa del trabajador: despidos, reclamaciones de cantidad y accidentes.<\/p>\n\n<p><a href=\\\/staging\/abogado-laboralista-sevilla\/\\>Ver m\u00e1s \u2192<\/a><\/p>\n<\/div>\n<\/div>\n\n\n\n<div class=\"\\wp-block-columns is-layout-flex wp-container-core-columns-is-layout-9d6595d7 wp-block-columns-is-layout-flex\" alignwide\\>\n<div class=\"\\wp-block-column\\ is-layout-flow wp-block-column-is-layout-flow\">\n<h3 class=\"\\wp-block-heading\\ wp-block-heading\">Derecho Penal<\/h3>\n\n<p>Defensa t\u00e9cnica y acusaci\u00f3n en todo tipo de delitos y juicios r\u00e1pidos.<\/p>\n\n<p><a href=\\\/staging\/abogado-penalista-sevilla\/\\>Ver m\u00e1s \u2192<\/a><\/p>\n<\/div>\n\n<div class=\"\\wp-block-column\\ is-layout-flow wp-block-column-is-layout-flow\">\n<h3 class=\"\\wp-block-heading\\ wp-block-heading\">Mediaci\u00f3n Familiar<\/h3>\n\n<p>Resoluci\u00f3n de conflictos fuera de los juzgados: m\u00e1s r\u00e1pido y econ\u00f3mico.<\/p>\n\n<p><a href=\\\/staging\/mediacion-familiar-sevilla\/\\>Ver m\u00e1s \u2192<\/a><\/p>\n<\/div>\n\n<div class=\"\\wp-block-column\\ is-layout-flow wp-block-column-is-layout-flow\">\n<h3 class=\"\\wp-block-heading\\ wp-block-heading\">La Firma<\/h3>\n\n<p>Conoce nuestra trayectoria de m\u00e1s de 20 a\u00f1os de ejercicio en Sevilla.<\/p>\n\n<p><a href=\\\/staging\/la-firma\/\\>Con\u00f3cenos \u2192<\/a><\/p>\n<\/div>\n<\/div>\n","protected":false},"excerpt":{"rendered":"Abogados en Sevilla: Expertos en Soluciones Legales Reales Especialistas en Divorcios, Herencias, Derecho Laboral y Penal en Sevilla. Solicitar Consulta Gratuita Nuestras \u00c1reas de Especializaci\u00f3n en Sevilla Familia y Divorcios Expertos en divorcios de mutuo acuerdo, contenciosos y custodia de menores. Ver m\u00e1s \u2192 Herencias y Sucesiones Asesoramiento integral en testamentos y repartos de herencias [...]","protected":false},"author":1,"featured_media":0,"parent":0,"menu_order":0,"comment_status":"closed","ping_status":"closed","template":"","meta":{"footnotes":""},"class_list":["post-1060","page","type-page","status-publish","hentry"],"aioseo_notices":[],"_links":{"self":[{"href":"https:\/\/garciaygarridoabogados.es\/staging\/wp-json\/wp\/v2\/pages\/1060","targetHints":{"allow":["GET"]}}],"collection":[{"href":"https:\/\/garciaygarridoabogados.es\/staging\/wp-json\/wp\/v2\/pages"}],"about":[{"href":"https:\/\/garciaygarridoabogados.es\/staging\/wp-json\/wp\/v2\/types\/page"}],"author":[{"embeddable":true,"href":"https:\/\/garciaygarridoabogados.es\/staging\/wp-json\/wp\/v2\/users\/1"}],"replies":[{"embeddable":true,"href":"https:\/\/garciaygarridoabogados.es\/staging\/wp-json\/wp\/v2\/comments?post=1060"}],"version-history":[{"count":7,"href":"https:\/\/garciaygarridoabogados.es\/staging\/wp-json\/wp\/v2\/pages\/1060\/revisions"}],"predecessor-version":[{"id":1664,"href":"https:\/\/garciaygarridoabogados.es\/staging\/wp-json\/wp\/v2\/pages\/1060\/revisions\/1664"}],"wp:attachment":[{"href":"https:\/\/garciaygarridoabogados.es\/staging\/wp-json\/wp\/v2\/media?parent=1060"}],"curies":[{"name":"wp","href":"https:\/\/api.w.org\/{rel}","templated":true}]}}